 j be 1676/(-3)*(-18)/24. Let b = -155 + j. Calculate the highest common divisor of 24 and b.
24
Let s be 1/((-4)/(-6) + 860/(-1272)). Let u = s + 226. What is the greatest common factor of 40 and u?
40
Let m(g) be the third derivative of -g**5/60 - 17*g**4/12 - 47*g**3/3 + g**2 - 2*g. Let y be m(-24). Calculate the highest common factor of 219 and y.
73
Let o be (414/108*3)/((-1)/(-54)). Calculate the highest common factor of o and 18.
9
Let q be (14 - 13)*(0 - -1 - -4). Suppose q*x + 5*b - 84 = 2*x, -4*x = 2*b - 112. What is the highest common factor of x and 182?
14
Suppose -5*w + 3*b = -2699 + 631, 15*b + 15 = 0. What is the highest common divisor of w and 119?
7
Let z be ((-3)/(-12)*4)/((-1)/(-37)). Suppose -203 = 8*f + z. Let a be ((-1)/((-4)/(-6)))/(f/640). What is the greatest common factor of a and 24?
8
Let m = 33 + -19. Let w(q) = q**3 + 15*q**2 + 13*q - 11. Let d be w(-14). Suppose 0 = d*o - 21. What is the highest common divisor of m and o?
7
Suppose -18*x + 781 = 529. Calculate the highest common divisor of x and 3962.
14
Let t(a) = -a**3 - 20*a**2 - 121*a - 2542. Let z be t(-21). Suppose -4*k - k = -165. Calculate the highest common factor of z and k.
11
Let h be -5 + (15/(-75) - (-16)/5) + 78. Let c(i) = -i**3 + i + 2. Let d be c(-2). Calculate the highest common factor of d and h.
4
Let c = 36028 - 34901. Calculate the highest common divisor of 115 and c.
23
Suppose 2*g + 4*d = 4 - 24, g + d = -6. Let a be g - (4 - (-30)/(-3)). Suppose -5*p = -5*c + 75, 0 = 5*p - 5 - 0. What is the highest common divisor of c and a?
4
Let l = -112 + 122. Suppose 34 + 16 = l*q. What is the highest common factor of q and 3?
1
Let i(n) = n**3 - n**2 + 2. Let j be i(4). Suppose 92 = -8*z - 316. Let v = z - -176. Calculate the highest common factor of j and v.
25
Let l be (-16)/680*-5 + (-2988)/(-34). Calculate the highest common divisor of l and 8.
8
Let q be (-1 - -2)/2 + (-27)/(-18). Let y be (q/3)/((-4)/(-66)). Suppose -89*w - y = -90*w. Calculate the greatest common factor of 77 and w.
11
Suppose 6*b = -3*s + 11166, 28*s + 6 = 25*s. Calculate the highest common factor of 784 and b.
98
Suppose -54 = -1993*x + 1990*x. What is the highest common factor of 178 and x?
2
Suppose -12 = -8*r - 4. Let z(n) = 9*n - 7. Let j be z(r). Calculate the greatest common divisor of j and 6.
2
Let z be 160 - (8 + 675/(-27)). Calculate the highest common factor of z and 18703.
59
Let g(y) = 2*y**3 - 15*y**2 - 10*y + 20. Let a be g(8). Suppose a*o = 4*p + 784, -4*o + p + 849 = 68. What is the greatest common factor of 5 and o?
5
Suppose -692100 = -79*r - 123*r - 273758. What is the highest common divisor of 38 and r?
19
Let z(c) = -8*c + 10. Let i = 149 + -154. Let a be z(i). Calculate the highest common divisor of 10 and a.
10
Let y(v) = 60*v - 6088. Let l be y(111). What is the greatest common divisor of 3016 and l?
52
Suppose 92*a - 46562 = 37342. Calculate the greatest common divisor of 399 and a.
57
Let x(q) = 170*q**2 - 73*q - 209. Let u be x(-3). What is the greatest common factor of u and 231?
77
Suppose 2*a + 6 = -0*a, -4*a = -2*k + 84. Let w be -5*(-12)/30 - 172*1. Let v = -161 - w. Calculate the highest common divisor of v and k.
9
Let w = 9580 - -49164. What is the greatest common factor of w and 56?
56
Let b(x) = 7*x - 80. Let w be b(16). Calculate the greatest common factor of w and 4.
4
Suppose 0 = -24*g + 26528 - 8288. What is the greatest common divisor of g and 95?
95
Let d = -4817 + 4951. What is the greatest common divisor of 6767 and d?
67
Suppose 2*u = 3*l + 12, -4*u = -0*l - l + 6. Let a be l/(-4)*-2*-1. Let o be 2*-11*48/(-132) - 0. Calculate the highest common factor of a and o.
1
Let z be (-1*2)/((40/(-55))/4). Suppose 0 = 4*n + z + 193. Let m = 139 + n. Calculate the greatest common factor of m and 8.
8
Let x = -20 + 25. Suppose 0*a = x*a - 45. Suppose a = 2*s - 7. What is the greatest common factor of s and 1?
1
Suppose 3*o = o + 431 - 39. What is the greatest common divisor of o and 784?
196
Let g(h) = h**3 - 13*h**2 - 8*h + 20. Let y be g(14). Suppose 3*r - 22 - 38 = -4*q, -4*r + q = -99. What is the highest common factor of y and r?
8
Let l be (0 - -97) + 2/2. Let x(b) = 9*b + 22. Let z be x(21). Suppose -10*p = 71 - z. What is the greatest common factor of l and p?
14
Suppose 83*g - 248976 = -164*g. Calculate the highest common factor of 90 and g.
18
Let r = -598 - -1782. Calculate the greatest common divisor of r and 851.
37
Let b = 107 + -53. Let c(n) = -n**2 + 21*n + 162. Let h be c(27). Let s(m) = m**2 - 11*m + 36. Let z be s(h). What is the greatest common divisor of b and z?
18
Suppose 7*g - 4*g - 378 = 0. Let u = g + -116. Let h = 83 - 58. Calculate the highest common factor of h and u.
5
Let j = -4428 + 4424. Let r(o) be the first derivative of -o**4/4 + o**3 + 7*o**2/2 - 9*o - 2. Let c be r(j). What is the greatest common factor of c and 45?
15
Let n be 102 + -82 + (-1 - -5). Let p = -19 - -28. Calculate the greatest common factor of p and n.
3
Suppose -8*a + 13*a = 675. Suppose -5*u = -4*f - 147, 4*u - 93 = -0*u - 5*f. What is the greatest common factor of u and a?
27
Let b(n) = 9*n**3 - 22*n**2 - 29*n - 7. Let i be b(8). What is the greatest common divisor of 63 and i?
63
Let b = -26 - -32. Let o be 23 + ((-27)/(-9) - b). Let g = -13 - -21. Calculate the highest common factor of g and o.
4
Let x = -49 + 83. Suppose 0 = b - 3*d - 28, b - 269*d - 30 = -267*d. What is the highest common factor of b and x?
34
Suppose 6*v - 43193 = 49555. What is the highest common divisor of 236 and v?
118
Let t = 301 - 308. Let o(x) = -x + 1. Let s be o(t). Let q be -1 + 1*65*1. What is the highest common factor of s and q?
8
Let a(w) = w**2 - 9*w. Let j be a(9). Suppose -5*h - 4*h = j. Suppose -5 = 3*q + 5*d - d, -2*q - 5*d - 8 = h. Calculate the highest common divisor of q and 4.
1
Let t(l) = 14*l**2 - 91*l - 1060. Let d be t(-10). Suppose -2*k - 30 = -3*n - 4*k, 3*k = 3*n - 30. Calculate the greatest common divisor of n and d.
10
Let k(x) = -984*x + 17. Let r be k(0). What is the greatest common factor of 26843 and r?
17
Let u(q) = 84*q + 300. Let v(l) = 126*l + 450. Let z(f) = 8*u(f) - 5*v(f). Let i be z(17). What is the highest common factor of i and 54?
54
Suppose 0 = 5*t - 25. Let y be 268/4 + t*(-9)/(-15). What is the highest common divisor of y and 30?
10
Let y(f) = -20*f + 1303. Let x be y(-28). What is the highest common divisor of x and 161?
23
Suppose 357 = 4*p - p - 3*c, p + 3*c = 143. Calculate the greatest common factor of 2875 and p.
125
Suppose 44 = -0*f + f. Let d be (23 - 21) + -1 + -11. Let g = d + 14. What is the highest common divisor of g and f?
4
Let b(v) = v**2 - 21*v + 24. Let k be b(20). Let g(m) = -4*m + 21. Let r be g(k). What is the highest common divisor of r and 55?
5
Let g(m) = 92*m**2 - 15*m + 97. Let a be g(3). Calculate the highest common divisor of 250 and a.
10
Let k be ((-72)/15)/((-10)/375). Suppose 5*a = -0*a - k. Let d = a - -41. What is the greatest common divisor of 40 and d?
5
Suppose 3*w + 252 = 4*m - 0*m, -2*m - 5*w + 152 = 0. Suppose 0 = -4*u - 2*t + 620, -14*t + 17*t - 1238 = -8*u. What is the highest common factor of u and m?
22
Let t be -4 - (-2 + 1 - 2). Let k(w) = -26*w - 9. Let x be k(t). What is the highest common factor of 544 and x?
17
Suppose 4*g - 42514 = 9*i, -2*i - 21242 = 17*g - 19*g. Calculate the greatest common divisor of g and 110.
55
Suppose -5*n + 25429 = 3*m + 6938, 7391 = 2*n + 3*m. What is the greatest common divisor of 80 and n?
20
Let b = -19 - -3750. What is the highest common divisor of 819 and b?
91
Let j(c) = -c**3 - 6*c**2 + 6*c + 9. Suppose -8*f = -2*f + 234. Let n = f - -32. Let r be j(n). Calculate the greatest common factor of r and 128.
16
Suppose 10*v - 9*v = -227. Let s = -219 - v. Calculate the highest common divisor of 128 and s.
8
Let k(w) = w**2 - 238*w - 3725. Let h be k(-15). What is the greatest common factor of h and 240?
10
Suppose -121*y = -47*y - 14504. What is the greatest common divisor of y and 56?
28
Let a be (348/10 - -2)/(11/55). Suppose -a + 48 = -4*b. Suppose 0 = 2*g + 2*i - b - 46, g - 40 = 4*i. Calculate the greatest common factor of 10 and g.
10
Let h = -403 - -307. Let a = h + 113. Suppose 0 = 2*q - 49 - 19. Calculate the greatest